*2 - 86*a - 522. What is d(-6)?
-150
Let o(s) = 66*s - 926. Calculate o(9).
-332
Let q(m) = -20*m**3 - 1020*m**2 + 5*m + 257. Give q(-51).
2
Let c(n) = n**2 - 1437*n + 63976. What is c(46)?
-10
Let g(x) = -x**3 - 159*x**2 - 317*x - 437. Determine g(-157).
34
Let i(h) = -4*h**3 + 4*h**2 - 16*h + 27. Determine i(6).
-789
Let s(t) = t**3 - 48*t**2 + 136*t - 32. Determine s(45).
13
Let n(r) = 18*r**2 + 937*r + 51. Determine n(-52).
-1
Let v(i) = 2*i**2 - 130*i - 69. Determine v(66).
63
Let d(r) = -134*r + 1990. What is d(15)?
-20
Let s(c) = -2373*c + 2341. Determine s(1).
-32
Let j(a) = 23*a**3 + 9*a**2 - 5*a + 8. Determine j(2).
218
Let u(h) = -7*h**2 + 42*h + 217. Give u(10).
-63
Let l(y) = 11*y**3 - 13*y**2 - 126*y + 5. Calculate l(4).
-3
Let k(u) = 48*u + 95. Calculate k(-5).
-145
Let y(u) = -23*u - 828. Calculate y(-36).
0
Let z(o) = o**3 - 4*o**2 + 6*o + 5. Give z(0).
5
Let b(f) = 355*f - 11708. Give b(33).
7
Let k(i) = i**3 - 26*i**2 - 37*i - 91. What is k(27)?
-361
Let v(j) = -j**3 - 38*j**2 + 131*j + 327. Calculate v(-41).
-1
Let y(j) = -j**3 - 11*j**2 - 23*j - 13. What is y(-7)?
-48
Let m(t) = -179*t + 5433. What is m(30)?
63
Let a(j) = 640*j + 863. What is a(-1)?
223
Let i(w) = 6*w + 47. Determine i(-4).
23
Let z(v) = 2*v**3 - 2*v**2 - 3*v + 16. Calculate z(0).
16
Let d(i) = 13*i**3 + 3*i**2 - 852*i - 855. What is d(-1)?
-13
Let q(a) = -a**3 + 10*a**2 + 303*a - 1857. Give q(6).
105
Let d(j) = -3*j**2 + 10*j + 79. What is d(8)?
-33
Let u(z) = -53*z + 126. Give u(2).
20
Let f(i) = 462*i - 3182. Calculate f(7).
52
Let b(s) = -10*s - 24. Calculate b(-11).
86
Let h(u) = -19*u**2 + 116*u + 3. Determine h(6).
15
Let n(p) = -p**3 + 51*p**2 - 442*p + 9. Determine n(11).
-13
Let b(n) = -n**2 - 142*n - 1843. Give b(-15).
62
Let u(d) = -d**2 - 16*d - 84. What is u(-11)?
-29
Let o(r) = 19*r - 100. What is o(0)?
-100
Let l(p) = p**3 + 134*p**2 + 57*p - 10108. Calculate l(-133).
0
Let r(t) = -2*t**2 + 88*t - 772. Determine r(8).
-196
Let p(m) = -m**2 + 11*m + 17. Give p(11).
17
Let v(n) = -2*n**3 - 69*n**2 + 40*n + 170. Determine v(-35).
-5
Let f(n) = -n**3 + 169*n**2 + 1051*n + 10. Give f(-6).
4
Let v(i) = -322*i + 4183. What is v(13)?
-3
Let o(r) = 61*r**2 - 2509*r + 322. What is o(41)?
-6
Let i(p) = 8*p + 548. Give i(-69).
-4
Let w(a) = -305*a + 1831. Give w(6).
1
Let i(u) = -u**2 - 25*u - 18. What is i(-10)?
132
Let o(i) = -189*i**2 + 16*i - 15. Give o(1).
-188
Let u(v) = v**3 - 11*v**2 + 15*v - 81. Give u(10).
-31
Let t(b) = 2*b**2 - 346*b - 5223. Calculate t(-14).
13
Let f(z) = -2*z**3 - 41*z**2 + 20*z + 11. What is f(-21)?
32
Let v(h) = -h**3 - 7*h**2 - 12*h - 27. Give v(-3).
-27
Let j(p) = p**2 - 23*p + 60. Calculate j(10).
-70
Let j(f) = f**2 - 28*f + 190. Give j(13).
-5
Let i(h) = -h**3 - 2*h**2 - h + 47. Determine i(0).
47
Let i(k) = 72*k + 779. Give i(-11).
-13
Let t(x) = x**2 + 25*x - 88. What is t(-25)?
-88
Let d(u) = 185*u - 293. Calculate d(2).
77
Let f(d) = -9*d**3 - d**2 - 2*d - 3. Determine f(-2).
69
Let p(v) = v**3 + 19*v**2 - 12*v + 152. Give p(-20).
-8
Let s(m) = 2*m**2 + 94*m - 107. Give s(-48).
-11
Let p(v) = -604*v + 7868. Determine p(13).
16
Let g(r) = 12*r**2 + 1427*r - 290. Determine g(-119).
-171
Let q(l) = -35*l + 67. Calculate q(-7).
312
Let t(k) = -4313*k - 25900. Give t(-6).
-22
Let o(l) = -126*l + 861. Determine o(7).
-21
Let i(x) = -3*x**3 - 6*x**2 - 14*x - 24. Determine i(-3).
45
Let i(o) = -o**3 - 14*o**2 + 6*o - 86. Calculate i(-15).
49
Let v(u) = -u**2 - 81*u + 8445. What is v(60)?
-15
Let x(l) = -l**2 + 16723*l + 50171. What is x(-3)?
-7
Let k(u) = -22*u + 147. Calculate k(11).
-95
Let z(g) = g**3 - 3*g**2 + 2*g - 49. What is z(0)?
-49
Let t(g) = 55*g**2 + 3*g - 5. Give t(1).
53
Let p(b) = -5*b**2 - 3*b + 4. What is p(-5)?
-106
Let j(n) = -127*n + 778. What is j(6)?
16
Let i(u) = 2*u**3 + 27*u**2 - 215*u - 116. Determine i(-19).
-2
Let s(r) = -r**3 + 2*r**2 + 16*r + 9. Calculate s(4).
41
Let l(r) = -r**3 + r**2 + 16. Give l(5).
-84
Let n(c) = -c**3 - 48*c**2 - 429*c - 20595. Determine n(-48).
-3
Let m(u) = -38*u + 809. What is m(21)?
11
Let l(j) = -12*j**2 - 69*j + 363. Give l(5).
-282
Let l(c) = -2*c**3 + 20*c**2 - 20*c + 3. What is l(9)?
-15
Let y(v) = 11*v**2 + 104*v + 591. Calculate y(-6).
363
Let o(s) = 12*s**2 + 101*s + 30. What is o(-9)?
93
Let a(j) = 2*j**3 + 129*j**2 + 319*j + 531. Determine a(-62).
-27
Let t(z) = -z**3 - 8*z**2 - 277*z - 1333. Determine t(-5).
-23
Let f(h) = -2*h**3 + 31*h**2 + 41*h - 402. Give f(16).
-2
Let a(f) = 8*f + 183. What is a(4)?
215
Let r(k) = -10*k**3 + 53*k**2 + 3*k - 38. Give r(5).
52
Let v(x) = 467*x - 3330. Give v(7).
-61
Let i(p) = 11*p + 207. What is i(-20)?
-13
Let k(t) = -449*t - 885. Give k(-2).
13
Let u(i) = -11*i**3 + i**2 - 18*i - 16. What is u(-1)?
14
Let q(k) = -3*k**3 - 45*k**2 - 16*k - 1017. Determine q(-16).
7
Let q(x) = -705*x + 69794. Determine q(99).
-1
Let i(n) = -n**2 - 22*n + 105. What is i(4)?
1
Let p(s) = -2*s**2 - 5*s - 45. Calculate p(-5).
-70
Let s(k) = k**2 + 301*k + 1492. What is s(-5)?
12
Let a(m) = 173*m + 2460. Determine a(-14).
38
Let c(q) = -8*q**2 + 2*q - 11. What is c(7)?
-389
Let i(h) = 109*h + 987. Give i(-9).
6
Let c(j) = 3*j + 30. What is c(13)?
69
Let g(m) = m**2 - 10*m - 23. Give g(11).
-12
Let l(z) = -z**3 - 14*z**2 - 14*z - 169. Determine l(-12).
-289
Let c(z) = 3*z**2 - 133*z - 703. What is c(49)?
-17
Let f(j) = 4*j**2 - 69*j - 667. Calculate f(-7).
12
Let p(i) = 4*i**2 - 53*i - 187. Determine p(-3).
8
Let v(n) = -n + 59. Determine v(53).
6
Let c(r) = r**2 + 32*r + 41. Determine c(-31).
10
Let p(i) = 2*i**3 + 59*i**2 - 162*i - 51. Calculate p(-32).
13
Let h(m) = -m**3 - 5*m**2 + 15*m + 16. Calculate h(3).
-11
Let h(u) = 257*u - 2378. Calculate h(9).
-65
Let y(p) = -5*p**2 + 68*p - 56. Calculate y(13).
-17
Let t(f) = 18*f**3 + 233*f**2 - 9*f - 40. Calculate t(-13).
-92
Let n(x) = -61*x - 1851. Calculate n(-35).
284
Let m(t) = -t**2 + 42*t - 426. Calculate m(10).
-106
Let y(r) = 225*r + 904. Determine y(-4).
4
Let m(i) = -896*i - 8069. Give m(-9).
-5
Let n(i) = -24*i**2 - 7*i - 7. Determine n(-2).
-89
Let k(s) = -5*s**2 - 12*s + 117. Determine k(0).
117
Let p(o) = -2*o**3 - 64*o**2 + 213*o + 112. Calculate p(-35).
7
Let v(c) = c**3 + 57*c**2 + 124*c + 762. What is v(-55)?
-8
Let j(k) = 2*k**3 + 13*k**2 + 12*k + 9. Determine j(-5).
24
Let m(x) = 262*x - 1540. Determine m(6).
32
Let y(b) = 138*b**2 + 3726*b - 11. Determine y(-27).
-11
Let q(d) = -d**2 - 74*d + 843. Calculate q(10).
3
Let r(v) = 55*v - 827. What is r(16)?
53
Let u(w) = 18*w - 39. Calculate u(6).
69
Let s(t) = 57*t - 1649. Give s(29).
4
Let x(b) = 34*b**2 - 2010*b + 243. Calculate x(59).
7
Let w(k) = k**3 - 14*k**2 - 53*k + 34. Give w(17).
0
Let f(z) = -z**2 + 25*z + 167. What is f(31)?
-19
Let c(z) = z**3 + 18*z**2 - 23*z + 28. Determine c(-19).
104
Let i(h) = -h**3 - 61*h**2 - 63*h - 226. Determine i(-60).
-46
Let q(s) = -s**3 - 4*s**2 - 2*s - 28. What is q(-5)?
7
Let m(v) = -10*v - 196. Calculate m(30).
-496
Let b(z) = -805*z - 24150. Give b(-30).
0
Let y(n) = 148*n + 26. What is y(2)?
322
Let z(v) = v**3 - 11*v**2 - 152*v + 26. Give z(19).
26
Let o(d) = -22*d + 1870. Give o(85).
0
Let j(h) = 6*h**3 + 20*h**2 - 5*h. Calculate j(-4).
-44
Let n(x) = -x**3 + 22*x**2 + 23*x + 97. What is n(23)?
97
Let p(i) = 26*i - 213. What is p(37)?
749
Let y(s) = 2*s**2 + 8*s - 33. Determine y(9).
201
Let n(a) = -358*a + 46542. Determine n(130).
2
Let a(z) = -z**3 - 14*z**2 - 47*z - 20. Give a(-10).
50
Let k(o) = -o**2 - 66*o - 444. Determine k(-43).
545
Let h(y) = -31*y + 40. Determine h(-8).
288
Let p(u) = u**2 - 3*u + 7. Calculate p(0).
7
Let p(o) = -810*o - 2464. Determine p(-3).
-34
Let p(w) = w**3 + 9*w**2 - 15*w + 5. Determine p(-11).
-72
Let o(n) = -17*n - 490. Give o(-27).
-31
Let y(f) = -2*f**3 - f**2 - 5*f + 41. What is y(5)?
-259
Let a(n) = -n**2 - 64*n + 414. Determine a(6).
-6
Let h(o) = 52*o**2 - 74*o + 214. Calculate h(3).
460
Let x(z) = -7*z**2 + 6*z + 186. Give x(-8).
-310
Let k(q) = 2*q**2 + 6*q - 64. Calculate k(-12).
152
Let q(f) = f - 175. What is q(-6)?
-181
Let v(k) = -k**2 - 37*k - 361. What is v(-17)?
-21
Let g(s) = s - 80. Give g(36).
-44
Let y(u) = 36*u - 594. Calculate y(17).
18
Let b(o) = o**3 - 2*o**2 + 45*o - 10. Give b(0).
-10
Let x(s) = 14*s + 